{"id":17,"date":"2015-04-15T20:13:40","date_gmt":"2015-04-15T20:13:40","guid":{"rendered":"http:\/\/etki.co.uk\/turkce\/?page_id=17"},"modified":"2015-05-24T00:50:44","modified_gmt":"2015-05-24T00:50:44","slug":"anasayfa","status":"publish","type":"page","link":"https:\/\/etki.co.uk\/turkce\/","title":{"rendered":"Anasayfa"},"content":{"rendered":"<section  class=\"section swatch-white-red section-normal has-bottom has-top \" ><div class=\"decor-top\"><svg class=\"decor\" height=\"100%\" preserveaspectratio=\"none\" version=\"1.1\" viewbox=\"0 0 100 100\" width=\"100%\" xmlns=\"http:\/\/www.w3.org\/2000\/svg\">\n  <path d=\"M0 0 L100 100 L0 100\" stroke-width=\"0\"><\/path>\n<\/svg>\n<\/div><div class=\"background-media\"><\/div><div class=\"background-overlay\" style=\"background-color:rgba(0,0,0,0)\"><\/div><div class=\"container\"><header class=\"section-header text-center underline\"><h1 class=\"headline super regular\">Servislerimiz<\/h1><\/header><div class=\"row vertical-top\"><div class=\"col-md-12  text-default\" ><ul class=\"list-unstyled row  box-list\">     <li class=\"col-md-4\">\n            <div class=\"box-round box-big\"><div class=\"box-dummy\"><\/div><a class=\"box-inner\" href=\"https:\/\/etki.co.uk\/turkce\/our-services\/web-tasarim\/\" target=\"_self\"><i class=\"fa fa-code\" data-animation=\"bounce\"><\/i><\/a><\/div>                    <h3 class=\"text-center\">\n                    <a href=\"https:\/\/etki.co.uk\/turkce\/our-services\/web-tasarim\/\"  target=\"_self\">\n                    Web Tasar\u0131m                    <\/a>\n                <\/h3>\n                <p class=\"text-center\">\n        ETK\u0130 web tasar\u0131m ajans\u0131,  amaca uygun, g\u00fcncel web tasar\u0131m trendlerine uygun i\u015fler yapmaktad\u0131r.        <\/p>\n                <a href=\"https:\/\/etki.co.uk\/turkce\/our-services\/web-tasarim\/\" class=\"more-link text-center\"  target=\"_self\">\n        Read more        <\/a>\n        <\/li>\n    <li class=\"col-md-4\">\n            <div class=\"box-round box-big\"><div class=\"box-dummy\"><\/div><a class=\"box-inner\" href=\"https:\/\/etki.co.uk\/turkce\/our-services\/grafik-tasarim\/\" target=\"_self\"><i class=\"fa fa-paint-brush\" data-animation=\"bounce\"><\/i><\/a><\/div>                    <h3 class=\"text-center\">\n                    <a href=\"https:\/\/etki.co.uk\/turkce\/our-services\/grafik-tasarim\/\"  target=\"_self\">\n                    Grafik Tasar\u0131m                    <\/a>\n                <\/h3>\n                <p class=\"text-center\">\n        G\u00f6r\u00fcnt\u00fc tabanl\u0131 tasar\u0131m-\r\nYaz\u0131-tabanl\u0131 tasar\u0131m-\r\nG\u00f6r\u00fcnt\u00fc ve yaz\u0131-\r\nSemboller, logolar        <\/p>\n                <a href=\"https:\/\/etki.co.uk\/turkce\/our-services\/grafik-tasarim\/\" class=\"more-link text-center\"  target=\"_self\">\n        Read more        <\/a>\n        <\/li>\n    <li class=\"col-md-4\">\n            <div class=\"box-round box-big\"><div class=\"box-dummy\"><\/div><a class=\"box-inner\" href=\"https:\/\/etki.co.uk\/turkce\/our-services\/logo-tasarim\/\" target=\"_self\"><i class=\"fa fa-pencil-square-o\" data-animation=\"bounce\"><\/i><\/a><\/div>                    <h3 class=\"text-center\">\n                    <a href=\"https:\/\/etki.co.uk\/turkce\/our-services\/logo-tasarim\/\"  target=\"_self\">\n                    Logo Tasar\u0131m                    <\/a>\n                <\/h3>\n                <p class=\"text-center\">\n        ETK\u0130 olarak firman\u0131z\u0131n tan\u0131t\u0131m\u0131 i\u00e7in en \u00f6nemli par\u00e7alardan biri olan Logo tasar\u0131ma odaklanmaktay\u0131z.        <\/p>\n                <a href=\"https:\/\/etki.co.uk\/turkce\/our-services\/logo-tasarim\/\" class=\"more-link text-center\"  target=\"_self\">\n        Read more        <\/a>\n        <\/li>\n<\/ul>\n[vc_empty_space height=&#8221;32px&#8221;][vc_video link=&#8221;https:\/\/www.youtube.com\/watch?v=CEIKpmCo7HQ&amp;&#8221;]<\/div><\/div><\/div><div class=\"decor-bottom\"><svg class=\"decor\" height=\"100%\" preserveaspectratio=\"none\" version=\"1.1\" viewbox=\"0 0 100 100\" width=\"100%\" xmlns=\"http:\/\/www.w3.org\/2000\/svg\">\n  <path d=\"M0 100 L100 0 L0 0\" stroke-width=\"0\"><\/path>\n<\/svg>\n<\/div><\/section>\n","protected":false},"excerpt":{"rendered":"","protected":false},"author":2,"featured_media":0,"parent":0,"menu_order":0,"comment_status":"open","ping_status":"open","template":"","meta":{"footnotes":""},"class_list":["post-17","page","type-page","status-publish","hentry"],"_links":{"self":[{"href":"https:\/\/etki.co.uk\/turkce\/wp-json\/wp\/v2\/pages\/17","targetHints":{"allow":["GET"]}}],"collection":[{"href":"https:\/\/etki.co.uk\/turkce\/wp-json\/wp\/v2\/pages"}],"about":[{"href":"https:\/\/etki.co.uk\/turkce\/wp-json\/wp\/v2\/types\/page"}],"author":[{"embeddable":true,"href":"https:\/\/etki.co.uk\/turkce\/wp-json\/wp\/v2\/users\/2"}],"replies":[{"embeddable":true,"href":"https:\/\/etki.co.uk\/turkce\/wp-json\/wp\/v2\/comments?post=17"}],"version-history":[{"count":0,"href":"https:\/\/etki.co.uk\/turkce\/wp-json\/wp\/v2\/pages\/17\/revisions"}],"wp:attachment":[{"href":"https:\/\/etki.co.uk\/turkce\/wp-json\/wp\/v2\/media?parent=17"}],"curies":[{"name":"wp","href":"https:\/\/api.w.org\/{rel}","templated":true}]}}